d 220.
110
Calculate the highest common factor of 8682059 and 223.
223
Calculate the highest common factor of 234 and 1950.
78
Calculate the greatest common divisor of 21368 and 112.
8
Calculate the highest common factor of 75118 and 46.
46
What is the highest common divisor of 253251 and 36?
9
Calculate the highest common factor of 10 and 1279310.
10
Calculate the greatest common factor of 305 and 735.
5
What is the highest common factor of 183249 and 297?
297
What is the greatest common factor of 5 and 4765?
5
Calculate the greatest common factor of 413877 and 741.
57
What is the highest common factor of 726 and 594?
66
Calculate the highest common divisor of 77067 and 360.
9
What is the greatest common divisor of 35807 and 732?
61
Calculate the greatest common factor of 216 and 59328.
72
Calculate the highest common divisor of 33 and 39633.
33
Calculate the highest common factor of 203 and 814639.
203
Calculate the greatest common divisor of 365 and 6935.
365
Calculate the highest common divisor of 57886 and 2678.
206
What is the greatest common factor of 32895 and 3225?
645
What is the highest common divisor of 2685 and 780?
15
Calculate the highest common divisor of 13936582 and 22.
22
Calculate the greatest common divisor of 256842 and 54.
18
Calculate the greatest common factor of 99 and 11529.
9
Calculate the greatest common divisor of 4506 and 18.
6
Calculate the highest common factor of 3636045 and 1940.
485
What is the highest common factor of 1001 and 5313?
77
Calculate the greatest common divisor of 14 and 1013726.
14
Calculate the highest common factor of 20 and 95660.
20
Calculate the greatest common divisor of 567910 and 2850.
190
What is the highest common factor of 273 and 151970?
91
Calculate the greatest common divisor of 31 and 2170279.
31
What is the greatest common factor of 562 and 698?
2
Calculate the greatest common factor of 16 and 21136.
16
What is the highest common factor of 469390 and 146?
146
Calculate the greatest common divisor of 604 and 56500.
4
Calculate the highest common factor of 176 and 73436.
44
What is the greatest common factor of 70704 and 96?
48
Calculate the highest common divisor of 485 and 11931.
97
Calculate the highest common divisor of 4 and 7418.
2
What is the greatest common factor of 3284 and 729869?
821
Calculate the greatest common factor of 217 and 350889.
217
Calculate the greatest common factor of 720 and 11952.
144
Calculate the highest common divisor of 140101 and 1183.
169
What is the greatest common factor of 307 and 110827?
307
Calculate the highest common divisor of 1924857 and 297.
297
Calculate the greatest common factor of 153 and 27387.
153
What is the greatest common factor of 24 and 1123356?
12
Calculate the highest common factor of 9 and 44883.
9
Calculate the highest common divisor of 211358 and 3472.
434
What is the highest common divisor of 19209 and 627?
57
Calculate the highest common divisor of 767070 and 324.
162
Calculate the highest common divisor of 3822 and 34104.
294
Calculate the highest common factor of 7801659 and 9.
9
What is the greatest common divisor of 40 and 9260?
20
What is the greatest common divisor of 210267 and 915?
183
Calculate the greatest common factor of 1750 and 18970.
70
What is the highest common factor of 119 and 816?
17
Calculate the greatest common divisor of 896 and 421568.
448
What is the greatest common divisor of 8 and 3992?
8
Calculate the greatest common divisor of 5166 and 341776.
82
What is the highest common factor of 85836 and 1932?
276
Calculate the highest common factor of 410 and 25748.
82
What is the highest common factor of 117 and 345969?
117
Calculate the greatest common divisor of 344335 and 85.
85
What is the greatest common factor of 60875 and 487?
487
What is the greatest common divisor of 2366 and 2604?
14
Calculate the greatest common divisor of 18 and 230058.
18
What is the greatest common factor of 2209332 and 6?
6
What is the greatest common divisor of 10004 and 12?
4
What is the greatest common divisor of 30717 and 81?
9
What is the greatest common divisor of 1395972 and 25091?
2281
Calculate the highest common divisor of 12 and 1549452.
12
What is the greatest common factor of 693 and 9504?
99
Calculate the highest common divisor of 20569 and 921.
307
Calculate the greatest common divisor of 226230 and 60.
30
What is the highest common factor of 117 and 158314?
13
What is the greatest common divisor of 24560 and 32849?
307
What is the greatest common divisor of 28660 and 910?
10
Calculate the greatest common divisor of 20815 and 4255.
115
What is the greatest common factor of 6574 and 209?
19
Calculate the greatest common divisor of 63 and 814257.
9
Calculate the greatest common divisor of 107 and 4561.
1
Calculate the greatest common divisor of 16766 and 1162.
166
Calculate the greatest common divisor of 14463 and 72.
9
What is the highest common factor of 8 and 275864?
8
Calculate the greatest common divisor of 1342 and 854.
122
What is the greatest common divisor of 913 and 2324?
83
What is the highest common divisor of 5291 and 12987?
481
What is the greatest common divisor of 2431 and 311597?
143
What is the greatest common factor of 147 and 3546?
3
Calculate the greatest common factor of 7231 and 497.
7
Calculate the greatest common factor of 197719 and 326.
163
Calculate the greatest common factor of 1034 and 12784.
94
Calculate the greatest common factor of 62452 and 130.
26
What is the highest common divisor of 53789 and 447?
149
What is the greatest common divisor of 168 and 136696?
56
What is the greatest common factor of 2615043 and 3?
3
What is the greatest common divisor of 32466 and 4410?
42
What is the greatest common divisor of 18 and 469554?
6
Calculate the highest common divisor of 62 and 108097.
31
Calculate the greatest common factor of 21 and 1398.
3
Calculate the highest common factor of 335861 and 53.
53
What is the highest common factor of 18125 and 1073?
29
What is the highest common factor of 52 and 16991?
13
What is the highest common divisor of 3384 and 301458?
282
What is the greatest common divisor of 820 and 212920?
20
What is the highest common divisor of 1494 and 2259?
9
What is the highest common divisor of 3140 and 250415?
785
Calculate the highest common factor of 475176 and 52.
52
Calculate the highest common divisor of 1836 and 5151.
51
What is the highest common factor of 3606251 and 274?
137
Calculate the highest common divisor of 38986 and 1010.
202
Calculate the highest common factor of 3920 and 896.
112
What is the highest common divisor of 85146 and 138?
138
Calculate the highest common divisor of 2524 and 388.
4
What is the highest common divisor of 8 and 86768?
8
Calculate the highest common divisor of 1222240 and 480.
160
Calculate the highest common factor of 225 and 20799.
9
What is the greatest common factor of 59 and 1696545?
59
Calculate the greatest common divisor of 55 and 375089.
11
What is the greatest common factor of 1072970 and 10?
10
Calculate the greatest common divisor of 47 and 128.
1
Calculate the highest common factor of 48 and 166128.
48
Calculate the greatest common factor of 402 and 47302.
134
Calculate the highest common factor of 715975 and 325.
325
What is the greatest common divisor of 98 and 2143897?
49
Calculate the greatest common divisor of 588 and 200886.
42
Calculate the greatest common divisor of 475 and 2451.
19
Calculate the highest common divisor of 1105 and 24505.
65
What is the highest common divisor of 338546 and 6032?
754
Calculate the greatest common divisor of 1035 and 13662.
207
What is the greatest common factor of 19628 and 140?
28
What is the highest common factor of 15520 and 5238?
194
Calculate the highest common factor of 895 and 190.
5
Calculate the highest common divisor of 265 and 95.
5
What is the highest common divisor of 2 and 32898?
2
What is the greatest common divisor of 2012337 and 216?
27
What is the greatest common divisor of 1070 and 820?
10
Calculate the highest common factor of 2 and 13394.
2
What is the highest common divisor of 154 and 3576916?
14
What is the highest common divisor of 54495 and 700?
35
Calculate the greatest common factor of 17 and 84269.
17
What is the greatest common factor